
3181783
-1a08a20 (base 11) to base 10
-3393951
Convert -597801 (base 14) to base 12.
-1034389
Convert -834538 (base 9) to base 2.
-1111000111101000111
-2222320221 (base 4) to base 14
-143121
Convert -75d0b (base 14) to base 12.
-11905b
What is -7c55b0 (base 16) in base 10?
-8148400
Convert 332133230 (base 4) to base 10.
255980
Convert -3719046 (base 10) to base 5.
-1423002141
Convert 2000032033 (base 4) to base 8.
2001617
What is -10a94 (base 12) in base 14?
-81a0
What is -9a79a (base 14) in base 5?
-43442232
What is -603400 (base 8) in base 5?
-22322100
6314040 (base 7) to base 13
207c96
What is 1bdc13 (base 16) in base 4?
12331300103
Convert 134 (base 7) to base 5.
244
What is 1101110101100010001 (base 2) in base 14?
bb333
What is 828537 (base 10) in base 2?
11001010010001111001
Convert 311106 (base 7) to base 10.
53220
a8597b (base 12) to base 15
37960e
102330022022 (base 4) to base 2
10010111100001010001010
What is -56eca (base 16) in base 10?
-356042
-5438657 (base 9) to base 6
-142323554
What is 221022011211 (base 3) in base 13?
1458c7
What is -129249 (base 14) in base 13?
-1952b1
What is -2b50a (base 13) in base 14?
-21d16
What is -51b32 (base 13) in base 10?
-146902
What is -111000101001111011001 (base 2) in base 6?
-103442441
Convert -125471 (base 9) to base 12.
-38124
Convert 110425121 (base 6) to base 4.
13212322021
-2023333201 (base 4) to base 11
-3618a1
-222211111022 (base 3) to base 6
-15153055
What is 2806418 (base 9) in base 5?
343234424
What is -83072 (base 10) in base 4?
-110102000
What is 1001100100100110 (base 2) in base 16?
9926
What is 3100230 (base 5) in base 7?
265651
What is 400446 (base 9) in base 2?
111001110000010010
What is 8e29c6 (base 15) in base 3?
110210002211220
Convert 10010010000100111000000 (base 2) to base 16.
4909c0
What is -11112202122 (base 4) in base 15?
-1caaa9
Convert 100110100000110011 (base 2) to base 11.
a8577
What is -4082 (base 11) in base 2?
-1010100100110
What is -24ac3a5 (base 13) in base 2?
-101011101011110000001110
121212210111 (base 3) to base 15
686ba
102103313 (base 4) to base 9
123782
-877416 (base 9) to base 5
-113230021
180408 (base 16) to base 8
6002010
20460203 (base 8) to base 12
15594ab
What is 8728 (base 9) in base 2?
1100100011001
What is 1000111100001110110011 (base 2) in base 4?
20330032303
Convert -409e3 (base 15) to base 5.
-23022423
13cd1 (base 16) to base 3
11010020220
-36407 (base 14) to base 15
-293d8
273776 (base 8) to base 15
1d7be
3554152 (base 7) to base 14
ba229
Convert a6749 (base 12) to base 15.
44c63
Convert 3fc1d (base 16) to base 4.
333300131
Convert aaec3 (base 15) to base 6.
15351233
Convert 42470655 (base 8) to base 13.
1b589a5
What is 31876 (base 9) in base 2?
101001010001001
-31640207 (base 8) to base 3
-110201210012112
Convert -1191216 (base 11) to base 6.
-112140403
What is 31c18 (base 15) in base 14?
417db
-3431340044 (base 5) to base 13
-1790517
What is -61212 (base 11) in base 4?
-111311120
79365 (base 11) to base 10
114900
-15a555 (base 14) to base 4
-2321021333
Convert -10434211040 (base 5) to base 4.
-230113312110
Convert -76aa7 (base 12) to base 15.
-31827
Convert -2a9862 (base 12) to base 4.
-2300032022
-173695 (base 12) to base 14
-a5b7b
988080 (base 10) to base 16
f13b0
What is 1210022 (base 4) in base 15?
1d75
Convert 1d5bd (base 16) to base 12.
59711
Convert -102021211120222 (base 3) to base 9.
-12254528
-111032000 (base 4) to base 12
-42368
What is -84032 (base 14) in base 7?
-2464062
Convert 3371 (base 16) to base 6.
140545
-1a9a70 (base 11) to base 5
-40230402
What is -3740736 (base 9) in base 10?
-2034510
Convert 716967 (base 11) to base 8.
4310252
Convert -511150 (base 7) to base 4.
-111031033
-54523455 (base 7) to base 13
-c7a5bc
58896 (base 11) to base 16
14bbe
What is 203d15 (base 15) in base 4?
11311332230
What is -557537 (base 8) in base 3?
-100120020102
What is -1001944 (base 11) in base 10?
-1774029
653182 (base 12) to base 16
187232
Convert 44a33 (base 11) to base 10.
65134
247571 (base 10) to base 9
416538
What is -10011244 (base 5) in base 10?
-78949
-21132131322 (base 4) to base 13
-68c89b
What is 60410 (base 11) in base 12?
43159
-4900dc (base 16) to base 6
-250313432
Convert -101111001010111101 (base 2) to base 11.
-122189
What is 14a0c02 (base 13) in base 3?
110102021222102
Convert -3116 (base 9) to base 4.
-203223
What is 597a2 (base 12) in base 3?
20010002212
Convert 13410055 (base 8) to base 7.
34442105
Convert -4101534 (base 6) to base 8.
-574402
289920 (base 10) to base 3
112201200210
1101111010001110000 (base 2) to base 9
764205
What is 320454332 (base 6) in base 13?
1224ba2
3002253 (base 6) to base 10
140505
137806 (base 10) to base 9
230027
Convert -52033514 (base 8) to base 6.
-1032141552
-261961 (base 15) to base 6
-103102531
What is 14032240 (base 5) in base 2?
100010110111100100
Convert -4256125 (base 7) to base 2.
-1111110100011000101
Convert -155b2b (base 15) to base 8.
-3737323
Convert -37835a (base 11) to base 6.
-20442324
Convert -4218868 (base 10) to base 7.
-50600623
What is -47016 (base 11) in base 9?
-113122
Convert 3006016 (base 8) to base 12.
320a92
What is 10200791 (base 10) in base 14?
14d76bd
1012101200012 (base 3) to base 10
637637
6a4549 (base 11) to base 5
241244243
Convert 12518634 (base 9) to base 15.
818621
-24644072 (base 8) to base 2
-10100110100100000111010
-31221202 (base 5) to base 12
-105151
What is -28477 (base 15) in base 7?
-1045600
Convert -4474171 (base 8) to base 16.
-127879
Convert -1364300 (base 8) to base 15.
-79b29
Convert -47721470 (base 8) to base 4.
-213322030320
Convert 101002221102201 (base 3) to base 8.
24374635
What is -a5c34 (base 16) in base 9?
-1244324
Convert 1784e (base 16) to base 7.
550600
What is -20416525 (base 7) in base 6?
-100502301
1123343 (base 6) to base 3
2221022000
Convert -44453320 (base 7) to base 14.
-721447
Convert -9685152 (base 10) to base 7.
-145215411
What is 9e1d4 (base 15) in base 2?
1111010111000000011
Convert 7619273 (base 10) to base 2.
11101000100001011001001
Convert 320b5 (base 16) to base 12.
9a759
-335145142 (base 6) to base 11
-3504646
What is 525405444 (base 6) in base 13?
1bac35a
Convert 114541131 (base 6) to base 13.
5b907b
What is 446541 (base 10) in base 12?
1964b9
2022003 (base 7) to base 5
30201124
263c0 (base 14) to base 10
94052
-51847 (base 9) to base 15
-a21a
Convert -22313120211 (base 4) to base 15.
-3b3e13
What is -20140220 (base 6) in base 3?
-1002002220010
Convert -15134210 (base 7) to base 13.
-3b4278
Convert 2496304 (base 10) to base 3.
11200211021201
What is -97079 (base 11) in base 5?
-14004142
-1313422 (base 6) to base 9
-118785
What is -201132212 (base 4) in base 14?
-37d8a
Convert 1045500 (base 6) to base 12.
26890
710158 (base 11) to base 13
30cb62
Convert 5187 (base 11) to base 6.
51451
What is 23312203 (base 5) in base 13?
761b7
Convert a855 (base 16) to base 9.
65101
Convert -404151445 (base 6) to base 13.
-1583822
3222111021 (base 4) to base 2
11101010010101001001
Convert 9cc0 (base 14) to base 10.
27216
12c0a (base 15) to base 11
41163
11111110101110110 (base 2) to base 4
133311312
What is -1010011001110101000 (base 2) in base 10?
-340904
What is 2313330 (base 6) in base 8?
347666
What is 32111233023 (base 4) in base 2?
1110010101101111001011
Convert 173305 (base 13) to base 6.
20221231
10563655 (base 8) to base 6
121010233
What is -2342243 (base 7) in base 9?
-501202
What is 159066 (base 13) in base 7?
4352502
Convert -131103233 (base 4) to base 11.
-82214
Convert -6637647 (base 10) to base 8.
-31244117
-472589 (base 10) to base 3
-220000021022
What is 10bb94 (base 15) in base 12?
32654a
-23a85 (base 12) to base 15
-e432
What is 73422 (base 12) in base 4?
210312122
Convert -1686663 (base 9) to base 14.
-1a79d2
-1021100201 (base 3) to base 14
-91b2
What is 11010010000010001 (base 2) in base 11?
73881
What is d257c (base 15) in base 11?
415511
What is -1dd (base 14) in base 11?
-326
12476555 (base 8) to base 16
2a7d6d
Convert -423102534 (base 6) to base 4.
-130111022122
-111010101100101100000 (base 2) to base 6
-105120424
-1213232302 (base 4) to base 16
-67bb2
Convert 1e538 (base 15) to base 6.
2042325
Convert 179225c (base 13) to base 12.
26a8ab2
Convert -3132332 (base 4) to base 16.
-37be
100020221222